
3
What is the remainder when 57 is divided by 2?
1
Calculate the remainder when 275 is divided by 33.
11
Calculate the remainder when 423 is divided by 135.
18
What is the remainder when 1260 is divided by 79?
75
Calculate the remainder when 177 is divided by 30.
27
Calculate the remainder when 442 is divided by 4.
2
Calculate the remainder when 34916 is divided by 45.
41
What is the remainder when 72 is divided by 52?
20
Calculate the remainder when 115 is divided by 39.
37
Calculate the remainder when 508 is divided by 59.
36
Calculate the remainder when 531 is divided by 88.
3
What is the remainder when 1654 is divided by 92?
90
What is the remainder when 998 is divided by 111?
110
Calculate the remainder when 36077 is divided by 82.
79
Calculate the remainder when 388 is divided by 50.
38
What is the remainder when 1341 is divided by 48?
45
What is the remainder when 1550 is divided by 37?
33
Calculate the remainder when 104 is divided by 27.
23
What is the remainder when 1085 is divided by 359?
8
Calculate the remainder when 1103 is divided by 358.
29
Calculate the remainder when 653 is divided by 628.
25
What is the remainder when 911 is divided by 214?
55
Calculate the remainder when 277 is divided by 40.
37
Calculate the remainder when 151 is divided by 55.
41
Calculate the remainder when 1254 is divided by 43.
7
Calculate the remainder when 343 is divided by 23.
21
What is the remainder when 63 is divided by 57?
6
Calculate the remainder when 206 is divided by 19.
16
What is the remainder when 583 is divided by 581?
2
What is the remainder when 70 is divided by 7?
0
What is the remainder when 870 is divided by 19?
15
Calculate the remainder when 41 is divided by 30.
11
Calculate the remainder when 49 is divided by 26.
23
What is the remainder when 24 is divided by 21?
3
What is the remainder when 181 is divided by 26?
25
What is the remainder when 7972 is divided by 145?
142
Calculate the remainder when 71 is divided by 15.
11
What is the remainder when 136 is divided by 69?
67
What is the remainder when 141 is divided by 26?
11
Calculate the remainder when 841 is divided by 62.
35
What is the remainder when 1622 is divided by 807?
8
Calculate the remainder when 118 is divided by 20.
18
Calculate the remainder when 375 is divided by 44.
23
What is the remainder when 539 is divided by 34?
29
What is the remainder when 326 is divided by 47?
44
Calculate the remainder when 1556 is divided by 41.
39
Calculate the remainder when 72 is divided by 37.
35
Calculate the remainder when 2551 is divided by 213.
208
What is the remainder when 113 is divided by 45?
23
Calculate the remainder when 45 is divided by 22.
1
What is the remainder when 5338 is divided by 37?
10
What is the remainder when 625 is divided by 126?
121
What is the remainder when 162717 is divided by 288?
285
What is the remainder when 49 is divided by 34?
15
Calculate the remainder when 242 is divided by 4.
2
What is the remainder when 127 is divided by 10?
7
What is the remainder when 3818 is divided by 102?
44
Calculate the remainder when 13648 is divided by 41.
36
What is the remainder when 7536 is divided by 3765?
6
Calculate the remainder when 394 is divided by 104.
82
What is the remainder when 110 is divided by 14?
12
Calculate the remainder when 7513 is divided by 34.
33
Calculate the remainder when 1572 is divided by 50.
22
What is the remainder when 245 is divided by 6?
5
Calculate the remainder when 1476 is divided by 210.
6
What is the remainder when 1360 is divided by 540?
280
What is the remainder when 26 is divided by 19?
7
What is the remainder when 782 is divided by 28?
26
Calculate the remainder when 125 is divided by 63.
62
What is the remainder when 1498 is divided by 12?
10
What is the remainder when 11135 is divided by 259?
257
What is the remainder when 109 is divided by 19?
14
What is the remainder when 2326 is divided by 22?
16
Calculate the remainder when 22887 is divided by 14.
11
Calculate the remainder when 476 is divided by 53.
52
Calculate the remainder when 287 is divided by 58.
55
What is the remainder when 67 is divided by 10?
7
Calculate the remainder when 663 is divided by 322.
19
Calculate the remainder when 385 is divided by 31.
13
What is the remainder when 2417 is divided by 601?
13
What is the remainder when 2921 is divided by 325?
321
Calculate the remainder when 834 is divided by 44.
42
Calculate the remainder when 2396 is divided by 51.
50
Calculate the remainder when 99 is divided by 34.
31
Calculate the remainder when 223 is divided by 11.
3
Calculate the remainder when 196 is divided by 18.
16
Calculate the remainder when 673 is divided by 78.
49
What is the remainder when 1782 is divided by 19?
15
What is the remainder when 17 is divided by 2?
1
What is the remainder when 958 is divided by 16?
14
What is the remainder when 1012 is divided by 17?
9
What is the remainder when 276 is divided by 15?
6
Calculate the remainder when 111 is divided by 56.
55
What is the remainder when 1666 is divided by 545?
31
Calculate the remainder when 1498 is divided by 6.
4
What is the remainder when 539 is divided by 15?
14
Calculate the remainder when 1177 is divided by 38.
37
Calculate the remainder when 196 is divided by 49.
0
What is the remainder when 18 is divided by 11?
7
What is the remainder when 194 is divided by 44?
18
What is the remainder when 1311 is divided by 22?
13
Calculate the remainder when 16 is divided by 5.
1
Calculate the remainder when 372 is divided by 127.
118
What is the remainder when 1405 is divided by 73?
18
Calculate the remainder when 224 is divided by 45.
44
Calculate the remainder when 100 is divided by 8.
4
What is the remainder when 1147 is divided by 117?
94
What is the remainder when 339 is divided by 57?
54
What is the remainder when 1835 is divided by 68?
67
What is the remainder when 339 is divided by 159?
21
Calculate the remainder when 1024 is divided by 13.
10
What is the remainder when 182 is divided by 22?
6
What is the remainder when 103019 is divided by 15?
14
What is the remainder when 681 is divided by 131?
26
Calculate the remainder when 113 is divided by 65.
48
Calculate the remainder when 365 is divided by 46.
43
What is the remainder when 23 is divided by 18?
5
What is the remainder when 63 is divided by 58?
5
Calculate the remainder when 371 is divided by 96.
83
Calculate the remainder when 8580 is divided by 35.
5
Calculate the remainder when 472 is divided by 43.
42
Calculate the remainder when 2201 is divided by 96.
89
Calculate the remainder when 630 is divided by 207.
9
What is the remainder when 1052 is divided by 350?
2
What is the remainder when 167 is divided by 15?
2
What is the remainder when 189 is divided by 49?
42
What is the remainder when 234 is divided by 150?
84
Calculate the remainder when 7302 is divided by 174.
168
What is the remainder when 598 is divided by 120?
118
What is the remainder when 93 is divided by 26?
15
Calculate the remainder when 272 is divided by 73.
53
What is the remainder when 1068 is divided by 29?
24
Calculate the remainder when 111 is divided by 29.
24
Calculate the remainder when 96 is divided by 5.
1
Calculate the remainder when 946 is divided by 232.
18
Calculate the remainder when 1860 is divided by 929.
2
What is the remainder when 3362 is divided by 18?
14
Calculate the remainder when 110 is divided by 14.
12
Calculate the remainder when 467 is divided by 7.
5
What is the remainder when 156 is divided by 77?
2
What is the remainder when 349 is divided by 95?
64
Calculate the remainder when 885 is divided by 172.
25
What is the remainder when 81 is divided by 29?
23
Calculate the remainder when 78 is divided by 9.
6
Calculate the remainder when 200 is divided by 103.
97
Calculate the remainder when 120 is divided by 24.
0
Calculate the remainder when 263 is divided by 88.
87
What is the remainder when 48849 is divided by 12?
9
What is the remainder when 381 is divided by 178?
25
What is the remainder when 49 is divided by 27?
22
Calculate the remainder when 133 is divided by 15.
13
Calculate the remainder when 1016 is divided by 503.
10
Calculate the remainder when 216 is divided by 74.
68
Calculate the remainder when 335 is divided by 8